o + 1. Let m(x) = 2*t(x) - 33*w(x). Let y be 5/(-2)*4/(-5). What is m(y)?
15
Let d(z) = z + 12. Let a = -23 + -13. Let y = -12 - a. Let h = 19 - y. Calculate d(h).
7
Let f be (-3 - 15)*(-1)/(-3)*-1. Let w(d) = 2*d**2 - 10*d - 11. Determine w(f).
1
Let v(s) be the third derivative of -s**5/60 - 13*s**4/24 - 8*s**3/3 - s**2 - 317*s. What is v(-12)?
-4
Let l(b) be the first derivative of b**4/4 + 3*b**3 - 4*b**2 + 8*b + 186. Give l(-10).
-12
Suppose -4*l = -3*j - 5, j - 2*j = 4*l - 25. Let n(y) = -j*y + 4*y + 2*y**3 - y**2 - 3 - 3*y. Calculate n(-2).
-15
Let p(f) = -f. Suppose 2*k + 6 = -5*q, -4*q + 0 - 12 = -2*k. Let u = q + 17. Let x be (-72)/u - 7/35. What is p(x)?
5
Let q(d) = -4*d - 41. Let k(n) = -n - 14. Let i(f) = 7*k(f) - 2*q(f). Give i(10).
-6
Let d(o) = -o + 1. Let k = -4 + 14. Let x be 17/5 - 4/k. Let q be x - (-1 - -5) - 5. What is d(q)?
7
Let o(u) = 6*u**2 + 2*u + 3. Let a be (-3)/2 + (-41)/82. Give o(a).
23
Suppose -p = 16*p + p. Let u(q) = -q**3 + 20. Give u(p).
20
Let h(j) = 2*j**2 - 2*j + 7. Let u be h(3). Suppose -g - u = t, -4*t + 11 = 5*g + 87. Let n = 25 + t. Let c(x) = x**2 - 6*x + 5. Calculate c(n).
5
Let j(w) be the first derivative of 7/2*w**2 + 5*w - 35 + 1/4*w**4 - 8/3*w**3. Determine j(7).
5
Let n(b) = 7 - 3 + 30*b + 1 - 29*b + 1. What is n(-7)?
-1
Let q(d) = -3*d + 1. Let x be (-1 - -5) + (-13)/13. Let g(b) = 3*b - 1. Let i(v) = x*g(v) + 4*q(v). Give i(3).
-8
Let f(b) be the first derivative of -b**2/2 + 101. Give f(2).
-2
Let g(x) = 3*x**3 + 2*x - 1. Let z(m) = -m**2 - 23*m + 25. Let y be z(-24). What is g(y)?
4
Let r(u) = -u**2 - 1. Let g be r(1). Let s(p) be the first derivative of -p**3/3 - p**2/2 + 2*p + 33. What is s(g)?
0
Suppose m = -14 + 31. Suppose 0 = 3*c + 16 - 7, 5*i = 4*c + m. Let k(s) = -i + 12*s**3 + 2*s**2 - 4*s**3 + 7*s**3. Give k(1).
16
Let u(c) = 12*c - 160. Let m be u(13). Let x(g) = g**2 + 5*g + 1. Give x(m).
-3
Let f be 6*(2 - 1)*1/(-3). Let n(g) be the second derivative of -g**5/20 - g**4/12 + g**3/6 + g**2 + 2*g. Calculate n(f).
4
Let c(a) = -a**2 - 9*a - 3. Let u be c(-8). Suppose u = 2*s + 3. Let w(k) = -4*k + 6*k + s + 2 - k. Calculate w(-6).
-3
Let b be 308/66 + (-1 - 4/(-3)). Let p(d) = -4 + 3*d**3 + 3*d**3 - 4*d**2 - 4*d**3 - d**3 - 6*d. Calculate p(b).
-9
Let m = 139 - 136. Let u(j) = 2*j - m - 15 + 12 + 3*j + j**2. What is u(-7)?
8
Let v(q) = 3*q - 4. Let x(z) = z**3 - 11*z**2 + 2. Let y be x(11). Suppose 4*d + 16 = -3*l, -5*d - y*l - 13 = -0*l. Let u be d/((7 - 3)/(-20)). Calculate v(u).
11
Let b(g) = 5*g - 2. Let z(o) = -3*o + 2. Suppose 0 = -h - 2*h - 4*u - 11, -9 = 2*h + 3*u. Let a(m) = h*z(m) + 2*b(m). Give a(8).
10
Let z(j) = -8*j - 18. Let i(a) = -a**3 + 3*a**2 + 7*a + 12. Let d be i(5). Let r be z(d). Let g(v) = v**3 - 5*v**2 - 5*v - 5. What is g(r)?
1
Let d = 4 + -9. Let u(z) = -3*z + 3. Let x(t) = -t + 2. Suppose 12*q + 7*q + 76 = 0. Let h(j) = q*x(j) + 2*u(j). What is h(d)?
8
Let z(g) = -5*g**2 + g + 1. Let d be (2 - 1) + 17 + -19. Determine z(d).
-5
Suppose 3*g - 1053 + 1050 = 0. Let t(q) = -30*q**2 + 25*q - 25. Let j(a) = -5*a**2 + 4*a - 4. Let v(y) = -25*j(y) + 4*t(y). Give v(g).
5
Let v(z) = -896*z + 449*z + 6 + 446*z. Give v(3).
3
Let w(p) = p**3 - 8*p**2 + 8*p - 8. Let f(j) = j**2 - j. Let y(l) = -2*f(l) - w(l). Calculate y(5).
3
Let r(q) be the second derivative of -1/6*q**4 + 0 + 10*q - 1/2*q**2 + 0*q**3. Let x be (22/10 - 2)*5. Calculate r(x).
-3
Let n(i) = -12*i + 19*i + 2 - 14*i + 2 + 5. Determine n(-3).
30
Let p(u) = -u**2 - 5*u + 8. Let q be p(-6). Let i(a) = -1 + a + q*a - 2*a + 2*a. Calculate i(5).
14
Let n(l) be the first derivative of -l**6/360 - l**5/120 - l**4/24 + 22*l**3/3 + 43. Let c(q) be the third derivative of n(q). Give c(5).
-31
Let m(u) = 3*u**3. Let r = 27 - 24. Suppose a + h = -r*a + 6, 5*h - 15 = -5*a. Calculate m(a).
3
Suppose 9*h = 4*h - 10. Let x(b) = -2*b**3 - 4*b**2 - 3*b. Determine x(h).
6
Let y(f) = 20 + 6 - 28*f + 27*f - 4. Give y(14).
8
Let p(d) = 11*d + 9. Let j(n) = -19*n - 17. Let w(v) = 4*j(v) + 7*p(v). What is w(0)?
-5
Suppose -15*m + 317 = 437. Let a(u) = -u**2 - 5*u - 8. Give a(m).
-32
Let d(f) = f**3 + 9*f**2 + 5*f - 12. Let s = -328 + 320. Give d(s).
12
Let t(m) = m**3 + 7*m**2 - 9*m - 4. Let g be t(-8). Suppose n - 7 = -g. Let k(v) = -2*v**2 - 2 + 2 - 3*v + 7*v - 4. Determine k(n).
-10
Let c(t) = -t**2 - 3*t - 4. Let p = 3 + -15. Let r = p - -9. What is c(r)?
-4
Let l(t) be the first derivative of t**2/2 - t - 36. Let s(k) = -k**3 - 6*k**2 - 4*k + 4. Let h be s(-5). Let j = h - 0. Calculate l(j).
-2
Let g be 2*((0 - 0) + 2). Suppose -27 = -g*b + 4*p - 9*p, 4*p - 9 = b. Suppose b*o = 4*c + o + 22, -4*o + 24 = -4*c. Let h(n) = -3*n - 5. What is h(c)?
10
Suppose -3*u = -16*u - 26. Let p(i) = -2*i**3 - 4*i**2 - 3*i. What is p(u)?
6
Suppose -10*s - 422 + 332 = 0. Let t(y) = 2*y + 14. Give t(s).
-4
Let h(l) = -3*l**3 + 6*l**2 + 6*l - 3. Let c(b) = 2*b**3 + 1. Let u(a) = 2*c(a) + h(a). Calculate u(-5).
-6
Suppose 0 = -4*l - 5*a + 22, -a = -10*l + 4*l + 16. Let x(y) = 6*y - 24. Calculate x(l).
-6
Let v(u) = u + 3. Let l(o) be the first derivative of o**3/3 + o**2 - 3*o - 1. Let z = -245 + 245. Let y be l(z). Calculate v(y).
0
Let n(u) = u**2 - 4*u + 7. Let k(h) = 4*h - 6. Let g(v) = 3*k(v) + 2*n(v). Give g(-4).
12
Let r(q) = -2 - 5 + 8*q + 3 - 7*q. Determine r(0).
-4
Let x(j) = -2*j**2 + 6*j. Let v(g) = 17*g**2 - g**3 - 21*g**2 + 13 - 7*g + 14*g**2 - 3*g. Let h be v(9). Give x(h).
-8
Let y(k) = 96 - 96 - 4*k + 6*k. Calculate y(-6).
-12
Let c(z) = -z**3 + 8*z**2 - 6*z - 7. Let d be c(7). Let x(v) = -2*v**2 + 6*v**2 - 9 - 5*v**2 + v + 2*v**2 + 0*v**2. What is x(d)?
-9
Let h(l) be the second derivative of l**5/20 - l**4/12 - l**3/2 + 86*l. Let n = -3 - -5. Suppose n*b + 0 - 6 = 0. Determine h(b).
9
Let i(y) = y**2 - y - 9. Let k be i(4). Let g(s) = -k*s - 10 - s**2 + 4*s - 4*s + 12. Calculate g(-4).
-2
Let v = -15 - -8. Let r = 7 + v. Let i(n) = -5*n + r + 1 + 0. Determine i(-1).
6
Let n(q) = q**3 - 3*q**2 - q - 5. Let l(k) = 5 - 4 + 0 + 2*k**2 + 7*k - 10*k. Let o be l(2). Suppose w + o*w - 16 = 0. Determine n(w).
7
Let f(c) = 20*c**3 + 1. Suppose -4*j = 2*n - 2, 5*j + 0*n + 3*n = 0. Let t be ((-28)/6 - -5)*j. What is f(t)?
21
Let d(m) be the first derivative of -m**2/2 + 172. Suppose 3*b = r - 7, -4*r - 10 - 6 = -b. What is d(b)?
4
Let n(w) = -w**3 + 7*w**2 - 9*w + 8. Let d(g) = g**3 + g**2 + 2*g + 1. Let k be d(0). Let z = k + 1. Let t be z/3*(2 + 7). Calculate n(t).
-10
Let a = 11 + 5. Suppose -2*q = -6*q + a. Let d(x) be the first derivative of x**4/4 - 5*x**3/3 + x**2/2 + 4*x + 14. Determine d(q).
-8
Let f = -11 - -16. Let g be 9 + -6 - (f + -2). Let z(j) = -j - 1. Determine z(g).
-1
Let x(u) be the second derivative of -u**5/20 - u**4/12 + u**3 + 2*u**2 - u - 29. Calculate x(-4).
28
Let d(z) = 2100 - 2095 + z + 4*z. Give d(3).
20
Let f(k) = 0 - 12 + 2*k + 3 + k**2 + 8*k. What is f(-10)?
-9
Let u(o) = -o**2 + 4*o + 3. Let p(q) = -q**2 + 13*q - 9. Let f(w) = 2*w + 6. Let a be f(3). Let j be p(a). Calculate u(j).
6
Let t(s) = s**2 + 2. Let g(q) = -14*q**2 - 6*q + 3. Let j(w) = 9*w**2 + 4*w - 2. Let i(p) = -5*g(p) - 8*j(p). Let n be i(-2). What is t(n)?
11
Let g = -247 - -243. Let i = 2 + 0. Let n(x) = -i*x + x + 0*x. Determine n(g).
4
Let d(o) be the third derivative of o**5/60 - 3*o**4/8 + 7*o**3/6 + 822*o**2. Let s(r) = r**2 - 2. Let p be s(3). Calculate d(p).
-7
Let r(s) = -s**2 - s + 8. Suppose g - 2 = -0*g, z + 4*g - 10 = 0. Suppose 0 = -3*u + 6*u - 9. Suppose u*k = -z*k. What is r(k)?
8
Let a be (-27)/(5 + (-8 - -4)). Let u = a + 34. Let h(k) = k + 1. Give h(u).
8
Let c(x) = -x**2 + 15*x + 10. Let r be c(15). Let q(l) = 2*l + l**2 + 9*l + 4 - r*l. Let d be 8/(-3) - 2/6. Give q(d).
10
Suppose -218*i + 28 = -225*i. Let a(o) = o**3 + o**2 - 4*o + 4. Give a(i).
-28
Suppose p - 7 = -4. Suppose 8 = -5*o + 23, m - 2*o + 3 = 0. Suppose m*a + a + 5*n - 8 = 0, -p*n = 2*a - 2. Let v(c) = c**2 - 6*c - 8. Determine v(a).
-1
Let q(m) = m + 2. Let g(t) = t**2 - 5*t - 17. Let c(f) = 2*f**2 - 9*f - 35. Let h(j) = 2*c(j) - 5*g(j). Let y be h(9). Determine q(y).
-1
Let r = -8 + 2. Let b(g) be the first derivative of -g**4/4 - 2*g**3 + g**2/2 + g + 104. Calculate b(r).
-5
Let s(l) be the first derivative of l**4/4 + 7*l**3/3 + 3*l**2 + 4*l -